-13. List the prime factors of (-1 - 4)*((-18)/(-5))/u.
3
Let y be (-6)/21 - (-10666)/(-7). Let d be 2/(-6) + y/18. Let s = -31 - d. What are the prime factors of s?
2, 3
Let q be (4/4 + -5)/(-1). Suppose d + 88 = 3*n, -d + 3*d = q. List the prime factors of n.
2, 3, 5
Let x = 6 - -6. Suppose -4 = 4*a - x. Suppose -a*s - 2*s + 92 = 0. What are the prime factors of s?
23
Suppose -16*r - 6 = -19*r. Suppose -50 - 18 = -r*k. List the prime factors of k.
2, 17
Let s = 154 + -98. Let b = s + -13. What are the prime factors of b?
43
Let j be (-2256)/40 + ((-6)/10 - -1). Let n = 8 - j. List the prime factors of n.
2
What are the prime factors of -690*(-6)/(-45)*(-5 - -2)?
2, 3, 23
Let d(h) be the third derivative of -h**4/24 - 4*h**3/3 + 4*h**2. Let b(c) = -4. Let w(i) = 5*b(i) - 2*d(i). What are the prime factors of w(4)?
2
Let i(b) = -b + 2. Let u be i(0). Let n(m) = 4 - 4 + 12*m**u. What are the prime factors of n(-1)?
2, 3
Let c(k) = -41*k**2 + 41*k**2 + 2*k + 112*k**2 - 2. List the prime factors of c(1).
2, 7
Suppose 0 = -2*w + 5*s + 154, -3*w + 9*s - 6*s = -231. What are the prime factors of w?
7, 11
Let b be -2 - (-2752)/28 - 4/14. List the prime factors of ((-82)/8)/(4/(b/(-3))).
2, 41
Let u be ((-384)/(-9) - -4) + (-2)/3. Suppose -u*q + 43*q + 246 = 0. What are the prime factors of q?
2, 41
Suppose -71*x + 68*x = -12. Suppose -p + 2*u = -69, -7*p - 5*u + 207 = -x*p. What are the prime factors of p?
3, 23
Let d = 19 + -265. What are the prime factors of (d/(-4))/1*2?
3, 41
Let w(j) = -j**3 + 6*j**2 + 8*j - 3. Let m be w(7). Suppose -k = -5*g + 305, 0*g + m*k + 183 = 3*g. List the prime factors of g.
61
Let a(y) = -3*y - 1. Let s be (-2 + -4)/(3 + -1). Let f be 13/s - 4/6. What are the prime factors of a(f)?
2, 7
Suppose 5*m + c = 1137 + 3144, -3423 = -4*m + c. List the prime factors of m.
2, 107
Suppose -2*m - 2126 = -2*b, -3*b + 4*m + 3189 = -m. List the prime factors of b.
1063
Suppose w - 2*y = -w + 44, -10 = -w + 4*y. Let x = w + 23. List the prime factors of x.
7
List the prime factors of (1938/15 + 13)/((-1)/(-15)).
3, 79
Suppose 2628 = -8*n + 26*n. What are the prime factors of n?
2, 73
Let m(s) = 199*s**2 + 9*s - 19. What are the prime factors of m(3)?
7, 257
Suppose -388*n = -383*n - 755. List the prime factors of n.
151
Let b = 48 + -25. Suppose -b = -s + 25. List the prime factors of s.
2, 3
Suppose -4*x = -3*r - 28, 2*x = 3*r + 4*x + 4. Let w(o) = 57*o + 184. Let h be w(-3). Let l = h + r. List the prime factors of l.
3
Let t = -625 - -713. What are the prime factors of t?
2, 11
What are the prime factors of 21/35 - (-38934)/10?
2, 3, 11, 59
Let a = -374 + 625. What are the prime factors of a?
251
Suppose -663 = -2*b + 1983. What are the prime factors of b?
3, 7
Suppose 46*s - 41*s - 325 = 0. Let z(f) = f**2 - 4*f + 5. Let d be z(8). Let k = s - d. List the prime factors of k.
2, 7
Suppose 21315 = -l + 8*l. Suppose -6*k = -21*k + l. What are the prime factors of k?
7, 29
Let q(x) = x**3 + 16*x**2 - 2*x - 32. Let g be q(-16). Suppose -2*j + 52 + 92 = g. List the prime factors of j.
2, 3
Let k(j) = j**3 - 8*j**2 - 11*j + 12. Let d be k(9). What are the prime factors of (-249)/d + 4/(-8)?
41
Suppose -3*s - 16 = -2*h, 3*s + 21 = -h - 7. List the prime factors of (-6)/(1*(-12)/s) + 187.
3, 61
Let m = -34 - -37. Let f(u) = 7*u**2 + u + 1. What are the prime factors of f(m)?
67
Suppose 0*o - 4 = -4*o - 4*q, 2*q - 14 = -5*o. Suppose -o*z = -3*z - 3. Suppose 2*u = d + 63, 0 = z*d - 5*d + 6. List the prime factors of u.
3, 11
Suppose -13*s + 9*s = -2040. What are the prime factors of s?
2, 3, 5, 17
Let p(u) = -32*u**3 + 2*u**2 - 3*u - 8. What are the prime factors of p(-3)?
883
Let o(i) = -8*i - 5. Let s(z) = z**2 + 4*z + 2. Let h be s(-5). Let p be o(h). Let b = p - -87. List the prime factors of b.
2, 13
Let d = 2716 + -300. List the prime factors of d.
2, 151
Let b(v) = -267*v - 56. List the prime factors of b(-8).
2, 5, 13
Suppose 4*u = -5*l + 60, 0*l - 4 = 2*l - 4*u. Let w be 36/l - 2/(-4). Suppose -w*q + 26 = -214. What are the prime factors of q?
2, 3
Let x(h) = -h**3 - 4*h**2 - 5*h - 6. Let m be 2/3*45/(-6). List the prime factors of x(m).
2, 11
Suppose 1411 = 3*k + 5*h, -400 - 77 = -k - 5*h. What are the prime factors of k?
467
Suppose d = q + 2236 + 491, 0 = 2*d - q - 5455. List the prime factors of d.
2, 11, 31
Let j(f) be the second derivative of -f**5/5 + f**4/3 + 2*f**3/3 + 5*f. List the prime factors of j(-4).
2, 19
Suppose 0 = -3*r - 0*r + 1827. List the prime factors of r.
3, 7, 29
Suppose 0 = -7*i + 2*i. Suppose i = 5*p - 4*f - 122, -f + 10 = 4*f. What are the prime factors of p?
2, 13
Let o(i) = i**2 - 18*i + 84. Let t be o(6). Let d(w) = 3*w + 5 - w + 11. What are the prime factors of d(t)?
2, 5
What are the prime factors of (-261 - 1)/((-4)/16)?
2, 131
What are the prime factors of (24/(-2))/(30/(-1030))?
2, 103
Suppose -9530 - 235900 = -54*h. What are the prime factors of h?
3, 5, 101
Let x(u) = -18*u + 3. List the prime factors of x(-8).
3, 7
Suppose -5*n + 56 = -0*y + 2*y, 0 = -2*n + y + 26. Suppose -249 = -9*a + n. What are the prime factors of a?
29
List the prime factors of 330407/693 + (-4)/(-18).
3, 53
Suppose -n - 5 = 0, 13 = 3*m + 3*n - 2*n. Let h be (-1)/m - (-17154)/(-108). Let u = h - -225. List the prime factors of u.
2, 3, 11
What are the prime factors of (-6)/3*2 + 2637/3?
5, 7
Let u = -5 - -237. List the prime factors of u.
2, 29
Let j = 7 - 4. Suppose -4*v = 2*i + 6 - 50, 4*i = -j*v + 103. List the prime factors of i.
2, 7
Let m = -6 - -9. Let g be 11/m + 4/12. Suppose g*j - 5*f - 57 - 48 = 0, f = -1. What are the prime factors of j?
5
Let x(g) = 7*g**3 + g**2 - 12*g + 2. Let y be x(4). Let v = y - 278. List the prime factors of v.
2, 5, 7
Let p(n) = -n**3 - 3*n**2 - 4*n - 3. Let t be p(-2). Let v be (0 - 2)/t*-1. Suppose 0 = 5*r - v*i - 188, i - 32 = r - 2*r. What are the prime factors of r?
2, 3
Let t be (4 + (-23)/5)*-5. List the prime factors of ((-4)/t)/(6/(-81)).
2, 3
List the prime factors of 11/(12/6*(-2)/(-28)).
7, 11
Let t = 41 + -38. Suppose 4*y + t*y = 602. List the prime factors of y.
2, 43
Let n be (-3)/1 + (5 - 34). Let v = 76 + n. What are the prime factors of v?
2, 11
Suppose 5*o + 2*b - 565 = -b, 3*b = -o + 113. What are the prime factors of o?
113
Suppose -w + 4162 = 3*s, -3*s + 4187 = 9*w - 13*w. List the prime factors of s.
3, 463
Let k(n) = n**2 + n. Let c(q) = q**3 + 6*q**2 - 14*q - 9. Let d = -20 - -22. Let l(i) = d*k(i) + c(i). What are the prime factors of l(-9)?
2, 3
Let w(s) = 23*s + 4. Suppose -4*a + 36 - 24 = 0. What are the prime factors of w(a)?
73
Let i(u) = u**3 - 18*u**2 + 2. Let q be i(18). Suppose -m + 4 = -q*y, m = -4*y + 2*y - 12. List the prime factors of (-7 - (y - 0)) + 39.
2, 3
Suppose -3*a + 9 = 0, 2*x + 3*a = 5*x. Suppose 0 = -r + 5*v - 4, 0 = x*v - 8*v. What are the prime factors of (2/6)/(r/(-72))?
2, 3
Let s = -377 + 1172. What are the prime factors of s?
3, 5, 53
Let h(i) = i**3 - 19*i**2 + 19*i - 71. What are the prime factors of h(21)?
2, 5, 11
Suppose -4*i = -9*i + 15. Suppose 0 = -4*b - i*f + 634 - 134, -2*b + f = -240. What are the prime factors of b?
2, 61
Suppose 0 = -4*o + 3*w + 18, 5*o - 4 - 3 = -4*w. Suppose 725 = 3*i + 2*i - o*n, 2*n + 10 = 0. List the prime factors of i*(-1)/(-4)*2.
71
Suppose 4728 = 10*u - 122. What are the prime factors of u?
5, 97
Let g be 4/4 - -1 - -63. Suppose -g - 11 = -2*o. Suppose -14 = -m + j, 5*m + 2*j - o = -j. List the prime factors of m.
2, 5
Let r(i) = 6*i**3 + 5*i**2 - 18*i + 10. List the prime factors of r(9).
7, 661
Suppose 17*s = 7429 + 10047. List the prime factors of s.
2, 257
Let a(k) = k**3 - 6*k**2 - 5*k + 8. Let w be a(6). Suppose m + 45 = -2*m. Let b = m - w. List the prime factors of b.
7
Let p = 560 - -27. What are the prime factors of p?
587
Let o = -23 - -27. List the prime factors of o/((-12)/(-9)) - -109.
2, 7
Suppose 61 = 5*r - 24. Let n = 110 + r. List the prime factors of n.
127
Let p = -71 - -101. What are the prime factors of p?
2, 3, 5
Let c = -2425 - -4545. What are the prime factors of c?
2, 5, 53
Let x(r) be the third derivative of -r**4/24 + 5*r**3/3 + 9*r**2. List the prime factors of x(4).
2, 3
Let x = 61 + -49. Let d be (-1 + 4)/(3/(-15)). Let i = x - d. What are the prime fact